h + 2*u + 56, 2*h - 6*h - 56 = -u. Calculate the remainder when z(h) is divided by 33.
31
Suppose -2*f - 20 = -28. Suppose -5*y - f*x = x - 65, 3*y + x = 47. Calculate the remainder when y is divided by 3.
2
Let z = 905 - 844. What is the remainder when 176 is divided by z?
54
Let l(c) = -c**3 - 22*c**2 - 119*c - 4. Let i = 141 - -66. Calculate the remainder when i is divided by l(-9).
11
Let d(c) = 2*c + 20. Let w be d(-9). Suppose x - 2*b + 6 = 0, w*x + 2*x + 4*b = 24. Let o = -18 - -21. What is the remainder when o is divided by x?
1
Suppose 0 = 2*s + s + 9. Let i be (s + 19 - -3)*1. Calculate the remainder when 52 is divided by i - (-3 - -5 - 1).
16
Let y = -49 + 113. Let n = y - 44. Suppose 2*g - 4 = 0, 3*q + 3*g - n = -8. Calculate the remainder when q is divided by 2.
0
Suppose -3*z + 0*z - 158 = -5*d, -210 = 5*z + 5*d. What is the remainder when 6 is divided by z/(-12) - (-19)/114?
2
Let i = -11 - 4. Let x = 24 - i. What is the remainder when (4 - (3 + 351/6))*-2 is divided by x?
37
Let w(r) = -6*r + 125. What is the remainder when w(-42) is divided by 6?
5
Let n be 365 + -3 + 5 + -1. Suppose 8*m - n = -38. What is the remainder when 163 is divided by m?
40
Suppose v + 3*b = -0*v + 4, 3*b = -4*v + 52. Suppose z - 4*i = 7, -3*z - 2*i = -i + 18. What is the remainder when v is divided by 3 - 5 - 55/z?
7
Suppose -5 = -4*n + 11. Suppose -4*c + 4 = -n. Calculate the remainder when c - 1*-69 - -2 is divided by 19.
16
Suppose 10*b = 36 + 64. What is the remainder when 99 is divided by b?
9
Suppose -166 = -l + 5*z, 0 = 3*l + 4*z - 362 - 41. Let s = -25 + 61. What is the remainder when l is divided by s?
33
Let x = 635 + -345. Let m = x + -203. Calculate the remainder when m is divided by 44.
43
Suppose 807*q - 816*q + 657 = 0. Calculate the remainder when 728 is divided by q.
71
Suppose d + p = -2*d + 701, 0 = 3*d - 2*p - 704. What is the remainder when 80 is divided by (-2 - -2)/(-1) + d/26?
8
Suppose 3*r = -3*b - r + 27, -9 = -b - 4*r. Let q(x) = -x**3 - 5*x**2 + 2*x + 6. Let c be q(-5). Calculate the remainder when 28 is divided by (3 - b)/(c/10).
13
Suppose 3*i = 6*i. Suppose 2*q - 10 = i, 2*q = 3*y - 3*q - 35. What is the remainder when 1*76 + 5/5 is divided by y?
17
Suppose -146 = 2*a - 4*f + 8*f, -341 = 5*a + 2*f. Let q = a + 85. Calculate the remainder when 104 is divided by q.
14
Suppose n - i - 485 = -n, -i = -n + 240. Calculate the remainder when n is divided by 50.
45
Let h(y) = y**3 + 7*y**2 - 3*y - 2. Suppose 202*o + 390 - 2612 = 0. What is the remainder when h(-6) is divided by o?
8
Let d = -45 + 79. Let f(t) = 13*t**2 - t - 4. Let v be f(4). Suppose -5*x + 525 = v. Calculate the remainder when x is divided by d.
31
Suppose -f + 5*f = 0. Suppose 5*m = -f*m + 205. What is the remainder when m is divided by 11?
8
Let c be 18/(4 + 5/(-2)). Let n be 0 + 13/(26/c). Calculate the remainder when 43 is divided by n/(-10) + 174/15.
10
Let x(m) = m + 6. Let p(a) = -a + 16. Let y be p(-7). Let o = 27 - y. Calculate the remainder when 19 is divided by x(o).
9
Let b(z) = 3*z**2 + 3*z - 3. Let h = -39 + 37. What is the remainder when 11 is divided by b(h)?
2
Let d be (-60)/20 - (526/(-2))/(-1). Let f = -159 - d. What is the remainder when f is divided by 22?
19
Let u = -90 - -174. Suppose -5*b = -b - u. Calculate the remainder when b is divided by 12.
9
Let x(o) = -3*o - 4. Let z be x(-1). Calculate the remainder when 86 is divided by 1110/50 - (z + 0)/(-5).
20
Let i(h) = 25*h + 1052. Let q(g) = -g**2 - 4*g + 6. What is the remainder when i(-42) is divided by q(-5)?
0
Suppose 12 = -2*c + 5*c. Suppose -c*x = z - 0*x + 28, -5*z + 3*x = 117. What is the remainder when (-2)/(3/(z/1)) is divided by 9?
7
Suppose 3*a - 4*z = 165, 3*z - 171 - 15 = -3*a. Suppose 5*d = 4*d + a. Calculate the remainder when d is divided by 20.
19
Suppose 5*u - 47 + 12 = 0. Calculate the remainder when 51 is divided by 89/u - 18/(-63).
12
Let f be ((-12)/(-1))/3 - -2. Let w be (-3)/f - (-172)/8. Calculate the remainder when 83 is divided by w/2*2*1.
20
Let k be (-8 + 17)*2/(-3). Let v(s) = s**3 + 9*s**2 + 7*s - 3. Suppose -2*b + 32 = -0*b. Calculate the remainder when v(k) is divided by b.
15
Suppose -8*a = 23 - 55. Suppose 51 = 2*q + p + a, -109 = -4*q - 5*p. Calculate the remainder when 31 is divided by q.
10
Let u(a) = -a - 3. Let p be u(-5). Calculate the remainder when 37 is divided by 27/p + 1*4/8.
9
Let m(d) = 26*d**2 - 17*d - 36. What is the remainder when m(7) is divided by 33?
30
Let k = -88 + 90. Suppose 13 = j - 3. What is the remainder when 0 + (-2373)/(-77) + k/11 is divided by j?
15
Suppose -276 = -7*q + 326. Let w = 109 - q. Calculate the remainder when w is divided by 7.
2
Let a(d) = 7 - 6*d - 4 + 2*d. Suppose 0 = -4*i - 4 - 4. Calculate the remainder when a(i) is divided by 7.
4
Let d be 1/(-2)*(-7 - 57). Let m = d + 0. Suppose l + 4*o = 20, 4*l - m - 59 = -5*o. What is the remainder when 92 is divided by l?
20
Suppose 4*h + 30 = 3*d, -4*d + 15 = -12*h + 15*h. Calculate the remainder when 8 is divided by d.
2
Let a(k) = 5*k**2 + 7*k + 10. Let w be a(-2). Let q = 37 - w. What is the remainder when q is divided by 8?
5
Suppose 4*f - 5*x = 246, 13 - 133 = -2*f + x. Let n = f + -22. Calculate the remainder when 73 is divided by n.
36
What is the remainder when 86 is divided by 55/2 - (-9)/18?
2
Let y(s) = -64*s + 30. Calculate the remainder when y(-3) is divided by 32.
30
What is the remainder when -9 + 27 + -12 + (-16)/(-4) is divided by (-1)/(-1) + (2 - 2)?
0
Suppose -3203 = -4*h + 3*f, -3*h = -10*f + 8*f - 2401. What is the remainder when h is divided by 262?
11
Suppose 5*r + 20 = 35. Suppose t + r*t - 16 = 0. Calculate the remainder when 7 is divided by t.
3
Suppose 45 = -4*p + 221. What is the remainder when 305 is divided by p?
41
Let c(q) = -2*q**3 - 24*q**2 - q - 14. Let l be c(-12). Let s = 82 + -58. Calculate the remainder when s is divided by (-671)/(-77) - l/7.
6
Calculate the remainder when 2 - 1 - (-25 - 0) is divided by 279/27 - 12/9.
8
Let f(k) = -16*k - 44. What is the remainder when f(-8) is divided by 29?
26
Suppose 3*k - 21 = o - 3*o, 0 = -3*o. Let q(y) = y**2 - 10*y + 3. Let u be q(10). Suppose u*z = 6*z - 36. Calculate the remainder when z is divided by k.
5
Suppose -647 - 92 = -3*x - 2*n, 0 = -5*x + 4*n + 1261. What is the remainder when x is divided by 42?
39
Let b be (7 - 2)*4/5 - 3. Let x(o) = 9*o**2 - 2*o + 3. What is the remainder when 1 + 28 + -1 + 0 is divided by x(b)?
8
Let n(q) = -3*q + 13. Let d(s) = -12*s + 51. Let p(y) = 5*d(y) - 21*n(y). What is the remainder when 28 is divided by p(11)?
13
Let v = 122 + -91. Calculate the remainder when 146 is divided by v.
22
Let p = 934 + -809. Calculate the remainder when 1373 is divided by p.
123
Suppose 74*f - 64*f - 90 = 0. Calculate the remainder when 303 is divided by f.
6
Suppose 0 = -20*g + 226 + 114. Calculate the remainder when 18 is divided by g.
1
Let t(w) = 2*w**3 - 12*w**2 + 2*w - 11. Let d be t(6). Suppose 6*u - 11 = d. What is the remainder when 9 is divided by u?
1
Let m(l) = -l**2 + 8*l - 8. Suppose -10 = -5*w - 4*s, -s - 16 - 7 = -3*w. Calculate the remainder when m(w) is divided by 1.
0
Suppose 335*t - 341*t + 132 = 0. Calculate the remainder when t is divided by 3.
1
Suppose -3*n + 5*u + 92 = 0, n - 2*u - 41 + 11 = 0. Calculate the remainder when 46 is divided by n.
12
Suppose -3*o + 1 = -5*q, 0*o + 2*o - 5*q + 1 = 0. Calculate the remainder when o*-1 - 665/(-7) is divided by 14.
9
Let a(d) = 7*d**2 + 10*d + 1. Let l(t) = 8*t**2 + 9*t + 2. Let c(q) = -7*a(q) + 6*l(q). Calculate the remainder when c(-9) is divided by 14.
12
Let o(q) be the second derivative of 29*q**4/12 + q**3/3 - 3*q**2/2 + 5*q. What is the remainder when o(2) is divided by 31?
24
Let r = 1445 - 1160. What is the remainder when r is divided by 68?
13
Let w = 707 + -377. Suppose -4*c - 3*k = -338, -3*c + 7*c = k + w. Calculate the remainder when c is divided by 21.
20
Suppose -20 = -p - 31. Let h = 1 + 1. Calculate the remainder when 47 is divided by h/(-5 + 3) - p.
7
Calculate the remainder when (1 + (-704)/2)*96/(-288) is divided by 40.
37
Let s(x) = 5*x**2 - 16*x + 2. What is the remainder when s(12) is divided by 14?
12
Calculate the remainder when 4/24*1 - 11011/(-66) is divided by 36.
23